n divisor of 73791 and 18.
9
Calculate the greatest common factor of 195607 and 344.
43
What is the highest common factor of 240 and 203538?
6
What is the greatest common divisor of 41 and 56047?
41
Calculate the greatest common factor of 483 and 141876.
21
Calculate the greatest common factor of 1008 and 20208.
48
What is the highest common factor of 77053 and 1131?
29
Calculate the greatest common divisor of 4572 and 12319.
127
What is the greatest common divisor of 148476 and 12?
12
What is the highest common divisor of 1458 and 1888?
2
What is the highest common divisor of 61464 and 832?
104
Calculate the greatest common factor of 1662 and 432.
6
What is the greatest common factor of 1115431 and 69?
23
What is the highest common factor of 858 and 442266?
66
What is the highest common factor of 12629 and 80791?
173
What is the highest common factor of 233710 and 70?
10
Calculate the highest common factor of 4181 and 555.
37
Calculate the greatest common factor of 1313984 and 4190.
838
Calculate the greatest common divisor of 140932 and 2552.
44
Calculate the highest common divisor of 950 and 490.
10
Calculate the greatest common divisor of 1066870 and 140.
70
What is the highest common factor of 9 and 323397?
9
What is the greatest common factor of 2690223 and 59?
59
What is the greatest common divisor of 157 and 103463?
157
Calculate the highest common divisor of 53560 and 312.
104
What is the highest common factor of 26 and 25554646?
26
Calculate the highest common factor of 7 and 62461.
7
Calculate the highest common divisor of 517680 and 60.
60
What is the greatest common divisor of 193094 and 3406?
262
Calculate the greatest common factor of 43 and 257.
1
Calculate the greatest common divisor of 6097030 and 30.
10
What is the highest common divisor of 83056 and 1392?
464
Calculate the highest common divisor of 24 and 20652.
12
What is the highest common divisor of 4045674 and 261?
87
Calculate the highest common factor of 1763 and 1376.
43
Calculate the greatest common factor of 10800 and 1143.
9
What is the greatest common factor of 92 and 58650?
46
What is the highest common factor of 544 and 7064?
8
Calculate the greatest common factor of 512995 and 20.
5
Calculate the highest common factor of 105 and 714315.
105
Calculate the highest common factor of 44241 and 15.
3
Calculate the highest common divisor of 2577359 and 7233.
2411
Calculate the highest common factor of 426403 and 5193.
577
Calculate the greatest common divisor of 2173 and 113261.
53
What is the highest common divisor of 179952 and 336?
48
What is the highest common factor of 682384 and 48?
16
Calculate the greatest common factor of 1369 and 5180.
37
Calculate the highest common divisor of 365755 and 1955.
85
What is the greatest common factor of 7775 and 18971?
311
What is the highest common divisor of 380 and 1963270?
190
What is the greatest common factor of 595516 and 92?
92
Calculate the greatest common factor of 556892 and 4.
4
What is the greatest common factor of 2025 and 82560?
15
What is the greatest common factor of 13118 and 133?
7
Calculate the highest common divisor of 102429 and 38.
19
Calculate the greatest common divisor of 644 and 570630.
46
What is the highest common factor of 857433 and 369?
123
What is the highest common factor of 24204 and 1236?
12
Calculate the highest common divisor of 9367 and 154802.
493
What is the highest common factor of 54 and 2130?
6
Calculate the greatest common factor of 276 and 1980.
12
Calculate the greatest common factor of 1809 and 6432.
201
What is the highest common divisor of 10164 and 210?
42
Calculate the highest common divisor of 9288 and 744.
24
What is the highest common divisor of 5842 and 736?
46
What is the greatest common divisor of 10110639 and 231?
231
Calculate the greatest common factor of 45 and 71265.
15
Calculate the greatest common factor of 2863 and 3409.
7
What is the highest common factor of 1235 and 15535?
65
Calculate the highest common factor of 39471 and 708.
177
Calculate the greatest common factor of 54519 and 51.
51
What is the highest common divisor of 373460 and 20?
20
What is the highest common divisor of 306 and 95778?
306
Calculate the highest common factor of 1523912 and 8.
8
Calculate the highest common divisor of 197504 and 384.
128
Calculate the greatest common divisor of 476 and 8754592.
476
What is the highest common divisor of 34 and 4131?
17
Calculate the highest common factor of 1199 and 18748.
109
Calculate the highest common divisor of 1248 and 260052.
156
What is the highest common divisor of 22616 and 2948?
44
Calculate the greatest common factor of 1338381 and 2178.
1089
What is the highest common divisor of 172 and 16039?
43
Calculate the highest common factor of 80726 and 47276.
446
What is the highest common factor of 442 and 1339?
13
What is the greatest common divisor of 11 and 236753?
11
What is the highest common factor of 189 and 4739?
7
Calculate the greatest common factor of 33956 and 6084.
52
What is the highest common factor of 34866 and 416?
26
Calculate the greatest common factor of 7212 and 3018.
6
What is the greatest common divisor of 8 and 18632?
8
What is the highest common factor of 5 and 2845?
5
What is the highest common factor of 13725 and 7425?
225
Calculate the greatest common factor of 909 and 748107.
909
What is the highest common factor of 3145572 and 90?
18
What is the greatest common divisor of 170 and 91830?
10
What is the highest common factor of 2495 and 998?
499
Calculate the highest common factor of 1272 and 492688.
424
What is the highest common factor of 112 and 2709?
7
What is the greatest common factor of 220 and 224290?
110
Calculate the greatest common factor of 30339 and 369.
9
What is the highest common divisor of 3035691 and 3132?
783
Calculate the greatest common divisor of 7390 and 650.
10
Calculate the greatest common divisor of 220 and 349712.
44
Calculate the greatest common factor of 200 and 1325.
25
Calculate the highest common divisor of 265 and 695.
5
What is the greatest common factor of 64501 and 4558?
53
What is the greatest common factor of 2415330 and 846?
846
What is the highest common divisor of 2053528 and 20?
4
What is the greatest common divisor of 18 and 6462?
18
Calculate the greatest common factor of 11560 and 107780.
340
Calculate the highest common factor of 22866 and 444.
222
What is the highest common factor of 451 and 121638?
11
Calculate the greatest common divisor of 27782 and 2146.
58
What is the highest common divisor of 9269 and 19435?
299
Calculate the highest common factor of 1166 and 19558.
22
Calculate the highest common factor of 874 and 14030.
46
Calculate the highest common divisor of 31597 and 665.
19
What is the highest common factor of 846 and 9162?
18
What is the highest common divisor of 56 and 8572676?
28
Calculate the highest common divisor of 896 and 4102.
14
Calculate the greatest common divisor of 130402 and 452.
226
Calculate the greatest common divisor of 9636 and 4.
4
What is the greatest common divisor of 110 and 110960?
10
Calculate the highest common divisor of 6829 and 31.
1
What is the highest common divisor of 904 and 40454?
226
Calculate the highest common factor of 583 and 20152.
11
What is the highest common divisor of 11998 and 84?
14
Calculate the highest common divisor of 27054 and 6179.
167
What is the greatest common divisor of 1374 and 8619789?
687
What is the highest common divisor of 18405 and 5?
5
Calculate the highest common factor of 157875 and 18000.
375
What is the highest common factor of 76400 and 573?
191
Calculate the greatest common factor of 39 and 4526028.
39
Calculate the greatest common factor of 26956 and 10255.
293
Calculate the highest common factor of 207150 and 370.
10
What is the greatest common factor of 11 and 159269?
11
Calculate the greatest common divisor of 4268 and 353468.
388
What is the highest common divisor of 7 and 50113?
7
Calculate the highest common divisor of 11613 and 19829.
79
Calculate the greatest common factor of 52462 and 3672.
34
Calculate the highest common divisor of 1732 and 100.
4
Calculate the greatest common factor of 91434 and 1127.
49
What is the greatest common factor of 104168 and 174?
58
Calculate t